41.
3, 239, 373
What are the prime factors of 592210?
2, 5, 59221
What are the prime factors of 137008?
2, 8563
List the prime factors of 84339.
3, 9371
List the prime factors of 127789.
17, 7517
List the prime factors of 165382.
2, 7, 11813
What are the prime factors of 2039707?
19, 31, 3463
What are the prime factors of 37780?
2, 5, 1889
What are the prime factors of 1311028?
2, 327757
List the prime factors of 275480.
2, 5, 71, 97
List the prime factors of 7267569.
3, 2422523
List the prime factors of 2712337.
2712337
List the prime factors of 7454578.
2, 827, 4507
What are the prime factors of 3665676?
2, 3, 7, 17, 151
What are the prime factors of 1256853?
3, 13, 37, 67
List the prime factors of 820743.
3, 7, 11, 17, 19
List the prime factors of 1037993.
11, 197, 479
List the prime factors of 95158.
2, 7, 971
List the prime factors of 357684.
2, 3, 41, 727
List the prime factors of 189323.
83, 2281
List the prime factors of 395035.
5, 41, 47
What are the prime factors of 2201807?
2201807
List the prime factors of 98137.
13, 7549
List the prime factors of 1102175.
5, 44087
List the prime factors of 1808536.
2, 23, 9829
What are the prime factors of 2347931?
2347931
What are the prime factors of 34859?
11, 3169
What are the prime factors of 28535500?
2, 5, 7, 31, 263
List the prime factors of 2548853.
2548853
What are the prime factors of 6323411?
31, 37, 149
List the prime factors of 3721201.
11, 37, 41, 223
List the prime factors of 527315.
5, 263, 401
List the prime factors of 222725.
5, 59, 151
List the prime factors of 12901668.
2, 3, 13, 191, 433
What are the prime factors of 14432876?
2, 3608219
What are the prime factors of 409777?
409777
What are the prime factors of 1738046?
2, 17, 31, 97
What are the prime factors of 574734?
2, 3, 95789
What are the prime factors of 1210971?
3, 103, 3919
What are the prime factors of 207523?
207523
List the prime factors of 431760.
2, 3, 5, 7, 257
List the prime factors of 445592.
2, 7, 73, 109
List the prime factors of 3274251.
3, 17, 19, 31, 109
What are the prime factors of 7475567?
11, 679597
What are the prime factors of 13932951?
3, 263, 17659
What are the prime factors of 615360?
2, 3, 5, 641
List the prime factors of 11379407.
13, 875339
List the prime factors of 10697008.
2, 7, 149, 641
List the prime factors of 1472300.
2, 5, 14723
List the prime factors of 5952594.
2, 3, 83, 11953
List the prime factors of 628337.
17, 23, 1607
What are the prime factors of 70711?
31, 2281
What are the prime factors of 132058?
2, 66029
List the prime factors of 62033.
17, 41, 89
What are the prime factors of 1461474?
2, 3, 7, 1657
What are the prime factors of 2029803?
3, 676601
What are the prime factors of 611901?
3, 131, 173
List the prime factors of 2533526.
2, 1266763
List the prime factors of 1074499.
509, 2111
What are the prime factors of 1214009?
23, 52783
List the prime factors of 7586.
2, 3793
List the prime factors of 1112343.
3, 599, 619
What are the prime factors of 298203?
3, 99401
What are the prime factors of 155022?
2, 3, 7, 3691
What are the prime factors of 5443167?
3, 211, 8599
What are the prime factors of 9204372?
2, 3, 167, 1531
List the prime factors of 13555733.
1123, 12071
List the prime factors of 40073.
11, 3643
List the prime factors of 40926583.
43, 951781
What are the prime factors of 2285363?
2285363
List the prime factors of 2117322.
2, 3, 19, 41, 151
What are the prime factors of 24993149?
41, 609589
What are the prime factors of 1918977?
3, 17, 191, 197
What are the prime factors of 26452105?
5, 311, 17011
List the prime factors of 936575.
5, 37463
What are the prime factors of 75679?
75679
List the prime factors of 588737.
588737
List the prime factors of 7368480.
2, 3, 5, 7, 17, 43
What are the prime factors of 48526?
2, 19, 1277
List the prime factors of 25192825.
5, 7, 359, 401
List the prime factors of 14164.
2, 3541
What are the prime factors of 230562?
2, 3, 12809
List the prime factors of 2069081.
7, 19, 47, 331
List the prime factors of 280389.
3, 93463
What are the prime factors of 747354?
2, 3, 17, 431
List the prime factors of 797400.
2, 3, 5, 443
What are the prime factors of 1330356?
2, 3, 110863
List the prime factors of 6377386.
2, 41, 77773
What are the prime factors of 3069591?
3, 7, 313, 467
What are the prime factors of 1177034?
2, 588517
What are the prime factors of 9023906?
2, 17, 47, 5647
List the prime factors of 87790.
2, 5, 8779
List the prime factors of 335911.
97, 3463
List the prime factors of 461359.
461359
What are the prime factors of 244893?
3, 11, 41, 181
What are the prime factors of 14032352?
2, 73, 6007
What are the prime factors of 7229981?
11, 17, 23, 41
List the prime factors of 4006760.
2, 5, 100169
List the prime factors of 18431074.
2, 173, 53269
What are the prime factors of 814433?
257, 3169
List the prime factors of 386598.
2, 3, 64433
List the prime factors of 263293.
263293
List the prime factors of 891219.
3, 7, 31, 37
List the prime factors of 4768787.
271, 17597
What are the prime factors of 714446?
2, 211, 1693
List the prime factors of 896437.
541, 1657
List the prime factors of 1627242.
2, 3, 79, 3433
What are the prime factors of 664045?
5, 59, 2251
What are the prime factors of 241666?
2, 120833
List the prime factors of 3307619.
7, 131, 3607
What are the prime factors of 303397?
31, 9787
What are the prime factors of 134515?
5, 26903
List the prime factors of 839167.
7, 119881
What are the prime factors of 312395?
5, 43, 1453
List the prime factors of 14347524.
2, 3, 17, 53, 1327
List the prime factors of 756740.
2, 5, 157, 241
What are the prime factors of 407982?
2, 3, 97, 701
What are the prime factors of 2068494?
2, 3, 344749
What are the prime factors of 271842?
2, 3, 45307
What are the prime factors of 489163?
163, 3001
What are the prime factors of 3142006?
2, 7, 224429
What are the prime factors of 7821916?
2, 281, 6959
What are the prime factors of 3074550?
2, 3, 5, 103, 199
What are the prime factors of 169823?
169823
List the prime factors of 163849.
7, 89, 263
What are the prime factors of 260214?
2, 3, 31, 1399
List the prime factors of 8539535.
5, 1707907
What are the prime factors of 35047995?
3, 5, 83, 28151
What are the prime factors of 350591?
17, 41, 503
List the prime factors of 6608772.
2, 3, 183577
What are the prime factors of 15334593?
3, 521, 9811
What are the prime factors of 18472499?
43, 269, 1597
What are the prime factors of 24222412?
2, 6055603
List the prime factors of 5408646.
2, 3, 901441
What are the prime factors of 60981?
3, 20327
What are the prime factors of 939891?
3, 313297
What are the prime factors of 349647?
3, 116549
List the prime factors of 135854.
2, 67927
What are the prime factors of 1218002?
2, 409, 1489
List the prime factors of 16569297.
3, 421, 4373
List the prime factors of 11083018.
2, 293, 18913
What are the prime factors of 170378?
2, 13, 6553
List the prime factors of 643761.
3, 113, 211
List the prime factors of 7533.
3, 31
List the prime factors of 18475500.
2, 3, 5, 109, 113
What are the prime factors of 210021?
3, 7, 73, 137
List the prime factors of 332962.
2, 7, 17, 1399
List the prime factors of 696815.
5, 7, 43, 463
List the prime factors of 1665973.
1665973
List the prime factors of 1847212.
2, 461803
What are the prime factors of 9015153?
3, 7, 151, 2843
List the prime factors of 4626219.
3, 13, 118621
What are the prime factors of 2759383?
11, 250853
List the prime factors of 1012279.
1012279
What are the prime factors of 6530355?
3, 5, 13, 61
List the prime factors of 5366786.
2, 79, 33967
List the prime factors of 724163.
11, 43, 1531
What are the prime factors of 6428197?
6428197
What are the prime factors of 742104?
2, 3, 11, 937
What are the prime factors of 754566?
2, 3, 19, 6619
List the prime factors of 7890248.
2, 986281
What are the prime factors of 520260?
2, 3, 5, 13, 23, 29
What are the prime factors of 2572108?
2, 7, 11, 1193
What are the prime factors of 1005469?
43, 67, 349
What are the prime factors of 558637?
17, 1933
What are the prime factors of 10570065?
3, 5, 11, 29, 47
What are the prime factors of 444729?
3, 148243
List the prime factors of 27610184.
2, 7, 79
List the prime factors of 16018232.
2, 439, 4561
List t